{"id":833,"date":"2023-07-23T13:06:51","date_gmt":"2023-07-23T16:06:51","guid":{"rendered":"https:\/\/josianefalco.com\/?page_id=833"},"modified":"2024-07-01T21:36:59","modified_gmt":"2024-07-02T00:36:59","slug":"planejamento-patrimonial-e-sucessorio","status":"publish","type":"page","link":"https:\/\/josianefalco.com\/index.php\/planejamento-patrimonial-e-sucessorio\/","title":{"rendered":"Planejamento Patrimonial e Sucess\u00f3rio"},"content":{"rendered":"\t\t<div data-elementor-type=\"wp-page\" data-elementor-id=\"833\" class=\"elementor elementor-833\">\n\t\t\t\t<div class=\"elementor-element elementor-element-95cb2db e-flex e-con-boxed wpr-particle-no wpr-jarallax-no wpr-parallax-no wpr-sticky-section-no e-con e-parent\" data-id=\"95cb2db\" data-element_type=\"container\" data-settings=\"{&quot;background_background&quot;:&quot;classic&quot;}\">\n\t\t\t\t\t<div class=\"e-con-inner\">\n\t\t<div class=\"elementor-element elementor-element-d48872a e-con-full e-flex wpr-particle-no wpr-jarallax-no wpr-parallax-no wpr-sticky-section-no e-con e-child\" data-id=\"d48872a\" data-element_type=\"container\" data-settings=\"{&quot;background_background&quot;:&quot;classic&quot;}\">\n\t\t\t\t<div class=\"elementor-element elementor-element-43089df elementor-widget elementor-widget-heading\" data-id=\"43089df\" data-element_type=\"widget\" data-widget_type=\"heading.default\">\n\t\t\t\t<div class=\"elementor-widget-container\">\n\t\t\t<style>\/*! elementor - v3.22.0 - 26-06-2024 *\/\n.elementor-heading-title{padding:0;margin:0;line-height:1}.elementor-widget-heading .elementor-heading-title[class*=elementor-size-]>a{color:inherit;font-size:inherit;line-height:inherit}.elementor-widget-heading .elementor-heading-title.elementor-size-small{font-size:15px}.elementor-widget-heading .elementor-heading-title.elementor-size-medium{font-size:19px}.elementor-widget-heading .elementor-heading-title.elementor-size-large{font-size:29px}.elementor-widget-heading .elementor-heading-title.elementor-size-xl{font-size:39px}.elementor-widget-heading .elementor-heading-title.elementor-size-xxl{font-size:59px}<\/style><h2 class=\"elementor-heading-title elementor-size-default\">Planejamento Patrimonial e Sucess\u00f3rio<\/h2>\t\t<\/div>\n\t\t\t\t<\/div>\n\t\t\t\t<\/div>\n\t\t\t\t\t<\/div>\n\t\t\t\t<\/div>\n\t\t<div class=\"elementor-element elementor-element-229807b e-flex e-con-boxed wpr-particle-no wpr-jarallax-no wpr-parallax-no wpr-sticky-section-no e-con e-parent\" data-id=\"229807b\" data-element_type=\"container\">\n\t\t\t\t\t<div class=\"e-con-inner\">\n\t\t<div class=\"elementor-element elementor-element-2315490 e-flex e-con-boxed wpr-particle-no wpr-jarallax-no wpr-parallax-no wpr-sticky-section-no e-con e-child\" data-id=\"2315490\" data-element_type=\"container\">\n\t\t\t\t\t<div class=\"e-con-inner\">\n\t\t\t\t<div class=\"elementor-element elementor-element-3c17744 elementor-widget elementor-widget-text-editor\" data-id=\"3c17744\" data-element_type=\"widget\" data-widget_type=\"text-editor.default\">\n\t\t\t\t<div class=\"elementor-widget-container\">\n\t\t\t<style>\/*! elementor - v3.22.0 - 26-06-2024 *\/\n.elementor-widget-text-editor.elementor-drop-cap-view-stacked .elementor-drop-cap{background-color:#69727d;color:#fff}.elementor-widget-text-editor.elementor-drop-cap-view-framed .elementor-drop-cap{color:#69727d;border:3px solid;background-color:transparent}.elementor-widget-text-editor:not(.elementor-drop-cap-view-default) .elementor-drop-cap{margin-top:8px}.elementor-widget-text-editor:not(.elementor-drop-cap-view-default) .elementor-drop-cap-letter{width:1em;height:1em}.elementor-widget-text-editor .elementor-drop-cap{float:left;text-align:center;line-height:1;font-size:50px}.elementor-widget-text-editor .elementor-drop-cap-letter{display:inline-block}<\/style>\t\t\t\t<p>O planejamento patrimonial e sucess\u00f3rio \u00e9 uma medida estrat\u00e9gica essencial para garantir a prote\u00e7\u00e3o, preserva\u00e7\u00e3o e transmiss\u00e3o adequada do seu patrim\u00f4nio para as gera\u00e7\u00f5es futuras. Nosso escrit\u00f3rio oferece servi\u00e7os especializados nessa \u00e1rea, com destaque para a efici\u00eancia tribut\u00e1ria, visando minimizar a carga tribut\u00e1ria envolvida na transfer\u00eancia de bens e direitos.<\/p>\t\t\t\t\t\t<\/div>\n\t\t\t\t<\/div>\n\t\t\t\t<div class=\"elementor-element elementor-element-65c23cf elementor-widget elementor-widget-text-editor\" data-id=\"65c23cf\" data-element_type=\"widget\" data-widget_type=\"text-editor.default\">\n\t\t\t\t<div class=\"elementor-widget-container\">\n\t\t\t\t\t\t\t<p>Nossos servi\u00e7os de planejamento patrimonial e sucess\u00f3rio incluem:<\/p><ul><li>An\u00e1lise personalizada do patrim\u00f4nio e das necessidades de cada cliente: Realizamos uma an\u00e1lise detalhada do patrim\u00f4nio, considerando todos os aspectos relevantes, como bens im\u00f3veis, investimentos, empresas familiares, heran\u00e7as, obras de arte, entre outros, a fim de compreender metas e objetivos espec\u00edficos.<\/li><li>Estrutura\u00e7\u00e3o de instrumentos jur\u00eddicos adequados: Com base na situa\u00e7\u00e3o patrimonial e nos objetivos identificados, elaboramos um plano personalizado de estrutura\u00e7\u00e3o patrimonial e sucess\u00f3ria, utilizando instrumentos jur\u00eddicos adequados, como testamentos, doa\u00e7\u00f5es, holding familiar, acordos de fam\u00edlia, entre outros.<\/li><li>Efici\u00eancia tribut\u00e1ria: An\u00e1lise focada em identificar oportunidades legais para otimizar a carga tribut\u00e1ria envolvida no planejamento patrimonial e sucess\u00f3rio, utilizando estrat\u00e9gias que permitem minimizar impostos, como o ITBI, ITCMD e o Imposto de Renda.<\/li><li>Sucess\u00e3o empresarial: Expertise na elabora\u00e7\u00e3o de planejamento para empresas familiares, oferecemos assessoria espec\u00edfica para garantir a continuidade do neg\u00f3cio de forma harmoniosa e eficiente do ponto de vista tribut\u00e1rio, considerando quest\u00f5es como a sucess\u00e3o de controle, planejamento sucess\u00f3rio do patrim\u00f4nio empresarial e prote\u00e7\u00e3o dos herdeiros.<\/li><li>Monitoramento e atualiza\u00e7\u00e3o: O planejamento patrimonial e sucess\u00f3rio \u00e9 um processo cont\u00ednuo. Estamos dispon\u00edveis para revisar e ajustar o planejamento de acordo com mudan\u00e7as nas leis, na situa\u00e7\u00e3o pessoal ou no patrim\u00f4nio, garantindo sua efic\u00e1cia ao longo do tempo.<\/li><\/ul>\t\t\t\t\t\t<\/div>\n\t\t\t\t<\/div>\n\t\t\t\t<div class=\"elementor-element elementor-element-f80e7b8 elementor-widget elementor-widget-text-editor\" data-id=\"f80e7b8\" data-element_type=\"widget\" data-widget_type=\"text-editor.default\">\n\t\t\t\t<div class=\"elementor-widget-container\">\n\t\t\t\t\t\t\t<p>Conte com a expertise de especialistas na elabora\u00e7\u00e3o de solu\u00e7\u00f5es personalizadas, considerando os objetivos espec\u00edficos e a busca pela m\u00e1xima efici\u00eancia financeira e tribut\u00e1ria.<\/p>\t\t\t\t\t\t<\/div>\n\t\t\t\t<\/div>\n\t\t\t\t<div class=\"elementor-element elementor-element-a4a959f elementor-widget elementor-widget-text-editor\" data-id=\"a4a959f\" data-element_type=\"widget\" data-widget_type=\"text-editor.default\">\n\t\t\t\t<div class=\"elementor-widget-container\">\n\t\t\t\t\t\t\t<p>Fale com um Especialista para saber mais sobre como um planejamento patrimonial e sucess\u00f3rio pode proteger seu patrim\u00f4nio, reduzir lit\u00edgios familiares e minimizar a carga tribut\u00e1ria.<\/p>\t\t\t\t\t\t<\/div>\n\t\t\t\t<\/div>\n\t\t\t\t<div class=\"elementor-element elementor-element-2f4cb9d elementor-align-center elementor-widget elementor-widget-button\" data-id=\"2f4cb9d\" data-element_type=\"widget\" data-widget_type=\"button.default\">\n\t\t\t\t<div class=\"elementor-widget-container\">\n\t\t\t\t\t<div class=\"elementor-button-wrapper\">\n\t\t\t<a class=\"elementor-button elementor-button-link elementor-size-sm\" href=\"http:\/\/wa.me\/5511947807737\">\n\t\t\t\t\t\t<span class=\"elementor-button-content-wrapper\">\n\t\t\t\t\t\t<span class=\"elementor-button-icon\">\n\t\t\t\t<i aria-hidden=\"true\" class=\"fab fa-whatsapp\"><\/i>\t\t\t<\/span>\n\t\t\t\t\t\t\t\t\t<span class=\"elementor-button-text\">Clique aqui e saiba mais!<\/span>\n\t\t\t\t\t<\/span>\n\t\t\t\t\t<\/a>\n\t\t<\/div>\n\t\t\t\t<\/div>\n\t\t\t\t<\/div>\n\t\t\t\t\t<\/div>\n\t\t\t\t<\/div>\n\t\t\t\t\t<\/div>\n\t\t\t\t<\/div>\n\t\t\t\t<\/div>\n\t\t","protected":false},"excerpt":{"rendered":"<p>Planejamento Patrimonial e Sucess\u00f3rio O planejamento patrimonial e sucess\u00f3rio \u00e9 uma medida estrat\u00e9gica essencial para garantir a prote\u00e7\u00e3o, preserva\u00e7\u00e3o e transmiss\u00e3o adequada do seu patrim\u00f4nio para as gera\u00e7\u00f5es futuras. Nosso escrit\u00f3rio oferece servi\u00e7os especializados nessa \u00e1rea, com destaque para a efici\u00eancia tribut\u00e1ria, visando minimizar a carga tribut\u00e1ria envolvida na transfer\u00eancia de bens e direitos. Nossos servi\u00e7os de planejamento patrimonial e sucess\u00f3rio incluem: An\u00e1lise personalizada do patrim\u00f4nio e das necessidades de cada cliente: Realizamos uma an\u00e1lise detalhada do patrim\u00f4nio, considerando todos os aspectos relevantes, como bens im\u00f3veis, investimentos, empresas familiares, heran\u00e7as, obras de arte, entre outros, a fim de compreender metas e objetivos espec\u00edficos. Estrutura\u00e7\u00e3o de instrumentos jur\u00eddicos adequados: Com base na situa\u00e7\u00e3o patrimonial e nos objetivos identificados, elaboramos um plano personalizado de estrutura\u00e7\u00e3o patrimonial e sucess\u00f3ria, utilizando instrumentos jur\u00eddicos adequados, como testamentos, doa\u00e7\u00f5es, holding familiar, acordos de fam\u00edlia, entre outros. Efici\u00eancia tribut\u00e1ria: An\u00e1lise focada em identificar oportunidades legais para otimizar a carga tribut\u00e1ria envolvida no planejamento patrimonial e sucess\u00f3rio, utilizando estrat\u00e9gias que permitem minimizar impostos, como o ITBI, ITCMD e o Imposto de Renda. Sucess\u00e3o empresarial: Expertise na elabora\u00e7\u00e3o de planejamento para empresas familiares, oferecemos assessoria espec\u00edfica para garantir a continuidade do neg\u00f3cio de forma harmoniosa e eficiente do ponto de vista tribut\u00e1rio, considerando quest\u00f5es como a sucess\u00e3o de controle, planejamento sucess\u00f3rio do patrim\u00f4nio empresarial e prote\u00e7\u00e3o dos herdeiros. Monitoramento e atualiza\u00e7\u00e3o: O planejamento patrimonial e sucess\u00f3rio \u00e9 um processo cont\u00ednuo. Estamos dispon\u00edveis para revisar e ajustar o planejamento de acordo com mudan\u00e7as nas leis, na situa\u00e7\u00e3o pessoal ou no patrim\u00f4nio, garantindo sua efic\u00e1cia ao longo do tempo. Conte com a expertise de especialistas na elabora\u00e7\u00e3o de solu\u00e7\u00f5es personalizadas, considerando os objetivos espec\u00edficos e a busca pela m\u00e1xima efici\u00eancia financeira e tribut\u00e1ria. Fale com um Especialista para saber mais sobre como um planejamento patrimonial e sucess\u00f3rio pode proteger seu patrim\u00f4nio, reduzir lit\u00edgios familiares e minimizar a carga tribut\u00e1ria. Clique aqui e saiba mais!<\/p>\n","protected":false},"author":1,"featured_media":0,"parent":0,"menu_order":0,"comment_status":"closed","ping_status":"closed","template":"","meta":{"_joinchat":[]},"_links":{"self":[{"href":"https:\/\/josianefalco.com\/index.php\/wp-json\/wp\/v2\/pages\/833"}],"collection":[{"href":"https:\/\/josianefalco.com\/index.php\/wp-json\/wp\/v2\/pages"}],"about":[{"href":"https:\/\/josianefalco.com\/index.php\/wp-json\/wp\/v2\/types\/page"}],"author":[{"embeddable":true,"href":"https:\/\/josianefalco.com\/index.php\/wp-json\/wp\/v2\/users\/1"}],"replies":[{"embeddable":true,"href":"https:\/\/josianefalco.com\/index.php\/wp-json\/wp\/v2\/comments?post=833"}],"version-history":[{"count":13,"href":"https:\/\/josianefalco.com\/index.php\/wp-json\/wp\/v2\/pages\/833\/revisions"}],"predecessor-version":[{"id":1094,"href":"https:\/\/josianefalco.com\/index.php\/wp-json\/wp\/v2\/pages\/833\/revisions\/1094"}],"wp:attachment":[{"href":"https:\/\/josianefalco.com\/index.php\/wp-json\/wp\/v2\/media?parent=833"}],"curies":[{"name":"wp","href":"https:\/\/api.w.org\/{rel}","templated":true}]}}