{"id":826,"date":"2023-07-23T13:00:45","date_gmt":"2023-07-23T16:00:45","guid":{"rendered":"https:\/\/josianefalco.com\/?page_id=826"},"modified":"2024-07-01T21:37:49","modified_gmt":"2024-07-02T00:37:49","slug":"contencioso-judicial","status":"publish","type":"page","link":"https:\/\/josianefalco.com\/index.php\/contencioso-judicial\/","title":{"rendered":"Contencioso Judicial"},"content":{"rendered":"\t\t<div data-elementor-type=\"wp-page\" data-elementor-id=\"826\" class=\"elementor elementor-826\">\n\t\t\t\t<div class=\"elementor-element elementor-element-95cb2db e-flex e-con-boxed wpr-particle-no wpr-jarallax-no wpr-parallax-no wpr-sticky-section-no e-con e-parent\" data-id=\"95cb2db\" data-element_type=\"container\" data-settings=\"{&quot;background_background&quot;:&quot;classic&quot;}\">\n\t\t\t\t\t<div class=\"e-con-inner\">\n\t\t<div class=\"elementor-element elementor-element-d48872a e-con-full e-flex wpr-particle-no wpr-jarallax-no wpr-parallax-no wpr-sticky-section-no e-con e-child\" data-id=\"d48872a\" data-element_type=\"container\" data-settings=\"{&quot;background_background&quot;:&quot;classic&quot;}\">\n\t\t\t\t<div class=\"elementor-element elementor-element-43089df elementor-widget elementor-widget-heading\" data-id=\"43089df\" data-element_type=\"widget\" data-widget_type=\"heading.default\">\n\t\t\t\t<div class=\"elementor-widget-container\">\n\t\t\t<style>\/*! elementor - v3.22.0 - 26-06-2024 *\/\n.elementor-heading-title{padding:0;margin:0;line-height:1}.elementor-widget-heading .elementor-heading-title[class*=elementor-size-]>a{color:inherit;font-size:inherit;line-height:inherit}.elementor-widget-heading .elementor-heading-title.elementor-size-small{font-size:15px}.elementor-widget-heading .elementor-heading-title.elementor-size-medium{font-size:19px}.elementor-widget-heading .elementor-heading-title.elementor-size-large{font-size:29px}.elementor-widget-heading .elementor-heading-title.elementor-size-xl{font-size:39px}.elementor-widget-heading .elementor-heading-title.elementor-size-xxl{font-size:59px}<\/style><h2 class=\"elementor-heading-title elementor-size-default\">Contencioso Judicial<\/h2>\t\t<\/div>\n\t\t\t\t<\/div>\n\t\t\t\t<\/div>\n\t\t\t\t\t<\/div>\n\t\t\t\t<\/div>\n\t\t<div class=\"elementor-element elementor-element-229807b e-flex e-con-boxed wpr-particle-no wpr-jarallax-no wpr-parallax-no wpr-sticky-section-no e-con e-parent\" data-id=\"229807b\" data-element_type=\"container\">\n\t\t\t\t\t<div class=\"e-con-inner\">\n\t\t<div class=\"elementor-element elementor-element-2315490 e-flex e-con-boxed wpr-particle-no wpr-jarallax-no wpr-parallax-no wpr-sticky-section-no e-con e-child\" data-id=\"2315490\" data-element_type=\"container\">\n\t\t\t\t\t<div class=\"e-con-inner\">\n\t\t\t\t<div class=\"elementor-element elementor-element-3c17744 elementor-widget elementor-widget-text-editor\" data-id=\"3c17744\" data-element_type=\"widget\" data-widget_type=\"text-editor.default\">\n\t\t\t\t<div class=\"elementor-widget-container\">\n\t\t\t<style>\/*! elementor - v3.22.0 - 26-06-2024 *\/\n.elementor-widget-text-editor.elementor-drop-cap-view-stacked .elementor-drop-cap{background-color:#69727d;color:#fff}.elementor-widget-text-editor.elementor-drop-cap-view-framed .elementor-drop-cap{color:#69727d;border:3px solid;background-color:transparent}.elementor-widget-text-editor:not(.elementor-drop-cap-view-default) .elementor-drop-cap{margin-top:8px}.elementor-widget-text-editor:not(.elementor-drop-cap-view-default) .elementor-drop-cap-letter{width:1em;height:1em}.elementor-widget-text-editor .elementor-drop-cap{float:left;text-align:center;line-height:1;font-size:50px}.elementor-widget-text-editor .elementor-drop-cap-letter{display:inline-block}<\/style>\t\t\t\t<p>Em situa\u00e7\u00f5es em que as quest\u00f5es tribut\u00e1rias n\u00e3o podem ser resolvidas de forma administrativa, nosso escrit\u00f3rio tamb\u00e9m oferece servi\u00e7os especializados em contencioso judicial.<\/p><p><b>Estamos preparados para representar seus interesses perante os tribunais judiciais, buscando a defesa dos seus direitos e a obten\u00e7\u00e3o dos melhores resultados para cada caso.<\/b><\/p>\t\t\t\t\t\t<\/div>\n\t\t\t\t<\/div>\n\t\t\t\t<div class=\"elementor-element elementor-element-65c23cf elementor-widget elementor-widget-text-editor\" data-id=\"65c23cf\" data-element_type=\"widget\" data-widget_type=\"text-editor.default\">\n\t\t\t\t<div class=\"elementor-widget-container\">\n\t\t\t\t\t\t\t<p>Nossos servi\u00e7os de contencioso judicial incluem:<\/p><ul><li>An\u00e1lise personalizada do caso: Realizamos uma an\u00e1lise minuciosa dos fatos, das leis aplic\u00e1veis e da jurisprud\u00eancia pertinente para avaliar as chances de sucesso de teses e defesas de autos de infra\u00e7\u00e3o.<\/li><li>Elabora\u00e7\u00e3o de teses tribut\u00e1rias personalizadas: A partir da an\u00e1lise das opera\u00e7\u00f5es da empresa, elaboramos e ajuizamos solu\u00e7\u00f5es personalizadas para cada cliente.<\/li><li>Atua\u00e7\u00e3o processual: Preparamos peti\u00e7\u00f5es, recursos, memoriais e outros documentos necess\u00e1rios para defender seus interesses perante os tribunais, utilizando argumentos jur\u00eddicos s\u00f3lidos e atuando ativamente no andamento e instru\u00e7\u00e3o processual.<\/li><li>Despachos e sustenta\u00e7\u00f5es orais: Nossa atua\u00e7\u00e3o ativa no contencioso judicial envolve a pr\u00e1tica de despachos com ju\u00edzes, desembargadores e ministro e sustenta\u00e7\u00f5es orais para esclarecimentos de quest\u00f5es complexas, apresenta\u00e7\u00e3o de argumentos e convencimento de julgadores.<\/li><li>Acompanhamento do processo: Monitoramento do andamento de processos judiciais, mantendo o cliente sempre informado sobre qualquer desenvolvimento relevante.<\/li><li>Negocia\u00e7\u00e3o e concilia\u00e7\u00e3o: Buscamos oportunidades de negocia\u00e7\u00e3o e transa\u00e7\u00e3o, sempre que apropriado, visando a resolu\u00e7\u00e3o do lit\u00edgio de forma mais vantajosa para o cliente.<\/li><\/ul>\t\t\t\t\t\t<\/div>\n\t\t\t\t<\/div>\n\t\t\t\t<div class=\"elementor-element elementor-element-a4a959f elementor-widget elementor-widget-text-editor\" data-id=\"a4a959f\" data-element_type=\"widget\" data-widget_type=\"text-editor.default\">\n\t\t\t\t<div class=\"elementor-widget-container\">\n\t\t\t\t\t\t\t<p>Com uma equipe composta por advogados especializados em direito tribut\u00e1rio, estamos comprometidos em oferecer uma representa\u00e7\u00e3o jur\u00eddica eficiente, estrat\u00e9gica e personalizada, buscando sempre a melhor solu\u00e7\u00e3o para nossos clientes.<\/p>\t\t\t\t\t\t<\/div>\n\t\t\t\t<\/div>\n\t\t\t\t<div class=\"elementor-element elementor-element-2f4cb9d elementor-align-center elementor-widget elementor-widget-button\" data-id=\"2f4cb9d\" data-element_type=\"widget\" data-widget_type=\"button.default\">\n\t\t\t\t<div class=\"elementor-widget-container\">\n\t\t\t\t\t<div class=\"elementor-button-wrapper\">\n\t\t\t<a class=\"elementor-button elementor-button-link elementor-size-sm\" href=\"http:\/\/wa.me\/5511947807737\">\n\t\t\t\t\t\t<span class=\"elementor-button-content-wrapper\">\n\t\t\t\t\t\t<span class=\"elementor-button-icon\">\n\t\t\t\t<i aria-hidden=\"true\" class=\"fab fa-whatsapp\"><\/i>\t\t\t<\/span>\n\t\t\t\t\t\t\t\t\t<span class=\"elementor-button-text\">Clique aqui e saiba mais!<\/span>\n\t\t\t\t\t<\/span>\n\t\t\t\t\t<\/a>\n\t\t<\/div>\n\t\t\t\t<\/div>\n\t\t\t\t<\/div>\n\t\t\t\t\t<\/div>\n\t\t\t\t<\/div>\n\t\t\t\t\t<\/div>\n\t\t\t\t<\/div>\n\t\t\t\t<\/div>\n\t\t","protected":false},"excerpt":{"rendered":"<p>Contencioso Judicial Em situa\u00e7\u00f5es em que as quest\u00f5es tribut\u00e1rias n\u00e3o podem ser resolvidas de forma administrativa, nosso escrit\u00f3rio tamb\u00e9m oferece servi\u00e7os especializados em contencioso judicial. Estamos preparados para representar seus interesses perante os tribunais judiciais, buscando a defesa dos seus direitos e a obten\u00e7\u00e3o dos melhores resultados para cada caso. Nossos servi\u00e7os de contencioso judicial incluem: An\u00e1lise personalizada do caso: Realizamos uma an\u00e1lise minuciosa dos fatos, das leis aplic\u00e1veis e da jurisprud\u00eancia pertinente para avaliar as chances de sucesso de teses e defesas de autos de infra\u00e7\u00e3o. Elabora\u00e7\u00e3o de teses tribut\u00e1rias personalizadas: A partir da an\u00e1lise das opera\u00e7\u00f5es da empresa, elaboramos e ajuizamos solu\u00e7\u00f5es personalizadas para cada cliente. Atua\u00e7\u00e3o processual: Preparamos peti\u00e7\u00f5es, recursos, memoriais e outros documentos necess\u00e1rios para defender seus interesses perante os tribunais, utilizando argumentos jur\u00eddicos s\u00f3lidos e atuando ativamente no andamento e instru\u00e7\u00e3o processual. Despachos e sustenta\u00e7\u00f5es orais: Nossa atua\u00e7\u00e3o ativa no contencioso judicial envolve a pr\u00e1tica de despachos com ju\u00edzes, desembargadores e ministro e sustenta\u00e7\u00f5es orais para esclarecimentos de quest\u00f5es complexas, apresenta\u00e7\u00e3o de argumentos e convencimento de julgadores. Acompanhamento do processo: Monitoramento do andamento de processos judiciais, mantendo o cliente sempre informado sobre qualquer desenvolvimento relevante. Negocia\u00e7\u00e3o e concilia\u00e7\u00e3o: Buscamos oportunidades de negocia\u00e7\u00e3o e transa\u00e7\u00e3o, sempre que apropriado, visando a resolu\u00e7\u00e3o do lit\u00edgio de forma mais vantajosa para o cliente. Com uma equipe composta por advogados especializados em direito tribut\u00e1rio, estamos comprometidos em oferecer uma representa\u00e7\u00e3o jur\u00eddica eficiente, estrat\u00e9gica e personalizada, buscando sempre a melhor solu\u00e7\u00e3o para nossos clientes. Clique aqui e saiba mais!<\/p>\n","protected":false},"author":1,"featured_media":0,"parent":0,"menu_order":0,"comment_status":"closed","ping_status":"closed","template":"","meta":{"_joinchat":[]},"_links":{"self":[{"href":"https:\/\/josianefalco.com\/index.php\/wp-json\/wp\/v2\/pages\/826"}],"collection":[{"href":"https:\/\/josianefalco.com\/index.php\/wp-json\/wp\/v2\/pages"}],"about":[{"href":"https:\/\/josianefalco.com\/index.php\/wp-json\/wp\/v2\/types\/page"}],"author":[{"embeddable":true,"href":"https:\/\/josianefalco.com\/index.php\/wp-json\/wp\/v2\/users\/1"}],"replies":[{"embeddable":true,"href":"https:\/\/josianefalco.com\/index.php\/wp-json\/wp\/v2\/comments?post=826"}],"version-history":[{"count":13,"href":"https:\/\/josianefalco.com\/index.php\/wp-json\/wp\/v2\/pages\/826\/revisions"}],"predecessor-version":[{"id":1097,"href":"https:\/\/josianefalco.com\/index.php\/wp-json\/wp\/v2\/pages\/826\/revisions\/1097"}],"wp:attachment":[{"href":"https:\/\/josianefalco.com\/index.php\/wp-json\/wp\/v2\/media?parent=826"}],"curies":[{"name":"wp","href":"https:\/\/api.w.org\/{rel}","templated":true}]}}