{"id":11,"date":"2023-06-23T00:45:07","date_gmt":"2023-06-23T03:45:07","guid":{"rendered":"https:\/\/josianefalco.com\/backup\/?page_id=11"},"modified":"2023-06-23T00:55:18","modified_gmt":"2023-06-23T03:55:18","slug":"areas-de-atuacao","status":"publish","type":"page","link":"https:\/\/josianefalco.com\/backup\/areas-de-atuacao\/","title":{"rendered":"\u00c1reas de Atua\u00e7\u00e3o"},"content":{"rendered":"","protected":false},"excerpt":{"rendered":"","protected":false},"author":1,"featured_media":0,"parent":0,"menu_order":0,"comment_status":"closed","ping_status":"closed","template":"","meta":[],"_links":{"self":[{"href":"https:\/\/josianefalco.com\/backup\/wp-json\/wp\/v2\/pages\/11"}],"collection":[{"href":"https:\/\/josianefalco.com\/backup\/wp-json\/wp\/v2\/pages"}],"about":[{"href":"https:\/\/josianefalco.com\/backup\/wp-json\/wp\/v2\/types\/page"}],"author":[{"embeddable":true,"href":"https:\/\/josianefalco.com\/backup\/wp-json\/wp\/v2\/users\/1"}],"replies":[{"embeddable":true,"href":"https:\/\/josianefalco.com\/backup\/wp-json\/wp\/v2\/comments?post=11"}],"version-history":[{"count":1,"href":"https:\/\/josianefalco.com\/backup\/wp-json\/wp\/v2\/pages\/11\/revisions"}],"predecessor-version":[{"id":12,"href":"https:\/\/josianefalco.com\/backup\/wp-json\/wp\/v2\/pages\/11\/revisions\/12"}],"wp:attachment":[{"href":"https:\/\/josianefalco.com\/backup\/wp-json\/wp\/v2\/media?parent=11"}],"curies":[{"name":"wp","href":"https:\/\/api.w.org\/{rel}","templated":true}]}}